nder when 12521023 is divided by 55.
53
What is the remainder when 1292585044 is divided by 13?
10
What is the remainder when 1164432 is divided by 99?
93
What is the remainder when 102734 is divided by 169?
151
Calculate the remainder when 2348262 is divided by 584.
582
Calculate the remainder when 620451031 is divided by 817.
806
What is the remainder when 6464079 is divided by 153906?
27
Calculate the remainder when 104653 is divided by 645.
163
Calculate the remainder when 2067847 is divided by 173.
151
What is the remainder when 3826732 is divided by 1694?
1680
Calculate the remainder when 5534510 is divided by 141909.
59
Calculate the remainder when 346054 is divided by 5408.
5350
Calculate the remainder when 189502119 is divided by 63167373.
0
Calculate the remainder when 116068 is divided by 711.
175
What is the remainder when 495833 is divided by 1005?
368
Calculate the remainder when 107431598 is divided by 10.
8
Calculate the remainder when 5391050 is divided by 2695522.
6
Calculate the remainder when 23991 is divided by 11945.
101
What is the remainder when 63673 is divided by 9?
7
Calculate the remainder when 82492738 is divided by 8.
2
Calculate the remainder when 2982066 is divided by 994008.
42
What is the remainder when 15584274 is divided by 247369?
27
What is the remainder when 3223181 is divided by 2909?
9
What is the remainder when 874925 is divided by 124?
105
Calculate the remainder when 382992 is divided by 382.
228
What is the remainder when 65770226 is divided by 2513?
2503
What is the remainder when 7990917 is divided by 7990904?
13
Calculate the remainder when 107187 is divided by 114.
27
What is the remainder when 17045586 is divided by 5663?
5619
Calculate the remainder when 132339 is divided by 4272.
4179
What is the remainder when 3053082 is divided by 24?
18
Calculate the remainder when 4468923 is divided by 20594.
25
Calculate the remainder when 5239488 is divided by 1309830.
168
What is the remainder when 63232704 is divided by 2773?
2758
What is the remainder when 7273 is divided by 5218?
2055
What is the remainder when 192052 is divided by 95814?
424
What is the remainder when 156578 is divided by 627?
455
What is the remainder when 1066590 is divided by 1357?
1345
What is the remainder when 16769648 is divided by 2684?
16
Calculate the remainder when 905558 is divided by 349.
252
What is the remainder when 5847531 is divided by 7945?
11
What is the remainder when 167194717 is divided by 843?
841
Calculate the remainder when 10190062 is divided by 407602.
12
Calculate the remainder when 6239240 is divided by 29430.
80
Calculate the remainder when 142864 is divided by 2506.
22
What is the remainder when 210761918 is divided by 578?
576
Calculate the remainder when 5318654 is divided by 301.
285
What is the remainder when 652449 is divided by 15913?
16
Calculate the remainder when 15022329 is divided by 25163.
18
What is the remainder when 648242 is divided by 1075?
17
What is the remainder when 1308533 is divided by 436017?
482
What is the remainder when 929547 is divided by 7496?
43
What is the remainder when 167132 is divided by 6685?
7
Calculate the remainder when 3582545 is divided by 7805.
50
Calculate the remainder when 2963050 is divided by 7696.
90
Calculate the remainder when 213054909 is divided by 34.
29
What is the remainder when 1356571 is divided by 1995?
1966
What is the remainder when 112096 is divided by 1436?
88
Calculate the remainder when 49860 is divided by 11923.
2168
Calculate the remainder when 126150 is divided by 270.
60
What is the remainder when 12603 is divided by 5237?
2129
What is the remainder when 1304306 is divided by 599?
283
Calculate the remainder when 76238 is divided by 18160.
3598
Calculate the remainder when 61432422 is divided by 11.
7
Calculate the remainder when 76323 is divided by 25095.
1038
Calculate the remainder when 1833296 is divided by 611092.
20
Calculate the remainder when 515425 is divided by 785.
465
Calculate the remainder when 828814 is divided by 1467.
1426
What is the remainder when 287436 is divided by 2211?
6
Calculate the remainder when 2865758 is divided by 5201.
7
Calculate the remainder when 264506 is divided by 120.
26
What is the remainder when 1879193 is divided by 110539?
30
What is the remainder when 7493 is divided by 2577?
2339
What is the remainder when 1063882 is divided by 2328?
2314
What is the remainder when 3284317381 is divided by 13388?
13385
What is the remainder when 28636 is divided by 6580?
2316
What is the remainder when 32871 is divided by 3256?
311
Calculate the remainder when 193354842 is divided by 678438.
12
Calculate the remainder when 7779822 is divided by 4031.
4023
Calculate the remainder when 1812840107 is divided by 890.
887
Calculate the remainder when 22130 is divided by 1153.
223
What is the remainder when 1616370 is divided by 404088?
18
Calculate the remainder when 1674727 is divided by 475.
352
What is the remainder when 326990 is divided by 979?
4
What is the remainder when 439182 is divided by 4?
2
Calculate the remainder when 4084073 is divided by 4281.
4280
Calculate the remainder when 110464930 is divided by 344.
338
Calculate the remainder when 44179 is divided by 3382.
213
Calculate the remainder when 2981114 is divided by 2981056.
58
Calculate the remainder when 1112629 is divided by 158941.
42
Calculate the remainder when 29175011 is divided by 74.
67
Calculate the remainder when 24479765 is divided by 58.
53
Calculate the remainder when 44407 is divided by 5521.
239
What is the remainder when 41313 is divided by 1294?
1199
What is the remainder when 66961764 is divided by 2261?
2249
Calculate the remainder when 288079 is divided by 1837.
1507
What is the remainder when 47399 is divided by 1475?
199
Calculate the remainder when 4511755 is divided by 238.
227
What is the remainder when 63338913 is divided by 6034?
15
Calculate the remainder when 7628101 is divided by 108.
61
Calculate the remainder when 554 is divided by 436.
118
What is the remainder when 140279 is divided by 69711?
857
Calculate the remainder when 51272105 is divided by 138.
137
What is the remainder when 29935509 is divided by 22?
21
What is the remainder when 561784679 is divided by 159?
155
What is the remainder when 10024073 is divided by 308?
213
Calculate the remainder when 47416 is divided by 990.
886
What is the remainder when 4871041 is divided by 7111?
6
What is the remainder when 28510095 is divided by 2591826?
9
Calculate the remainder when 3202394 is divided by 44.
30
Calculate the remainder when 55027809 is divided by 7861115.
4
Calculate the remainder when 163202511 is divided by 88.
87
What is the remainder when 1254863 is divided by 2653?
2647
What is the remainder when 21688649 is divided by 67777?
9
Calculate the remainder when 7482496 is divided by 3741243.
10
Calculate the remainder when 37450213 is divided by 419.
412
What is the remainder when 963825 is divided by 866?
833
Calculate the remainder when 2729778 is divided by 330.
18
Calculate the remainder when 89281 is divided by 87425.
1856
Calculate the remainder when 38079 is divided by 1922.
1561
Calculate the remainder when 58782720 is divided by 7.
3
What is the remainder when 1778074585 is divided by 57?
55
Calculate the remainder when 13318721 is divided by 25.
21
Calculate the remainder when 6440784 is divided by 174073.
83
Calculate the remainder when 156167 is divided by 970.
967
Calculate the remainder when 2607106 is divided by 4558.
4488
Calculate the remainder when 437332 is divided by 3273.
2023
What is the remainder when 301992237 is divided by 21?
15
What is the remainder when 1378282 is divided by 1784?
1034
Calculate the remainder when 3955833 is divided by 158232.
33
Calculate the remainder when 79078 is divided by 26200.
478
What is the remainder when 2917376 is divided by 908?
880
Calculate the remainder when 550100 is divided by 3620.
3480
What is the remainder when 19056096 is divided by 119?
31
What is the remainder when 392853 is divided by 132?
21
Calculate the remainder when 82147 is divided by 40812.
523
What is the remainder when 8491320 is divided by 4245526?
268
What is the remainder when 9512 is divided by 26?
22
Calcula